2 - 3*j + 3. What is t(2)?
-19
Let r(h) = 6*h**2 - 33*h + 8. Calculate r(6).
26
Let b(z) = 3*z + 42. What is b(-28)?
-42
Let t(x) = -x**3 + 18*x**2 + 18*x - 8. Calculate t(19).
-27
Let l(k) = k**3 + 16*k**2 + 12*k - 9. Give l(-16).
-201
Let s(w) = 5*w - 1. Give s(-1).
-6
Let g(r) = -2*r**2 - 15*r - 25. Calculate g(-6).
-7
Let n(b) = 6*b**3 + b**2 - 4*b + 3. Determine n(1).
6
Let f(j) = -3*j**2 + 82*j - 22. What is f(27)?
5
Let s(o) = 3*o**2 + 4*o + 113. Give s(0).
113
Let v(n) = -8*n - 1. Calculate v(-2).
15
Let h(u) = 2*u**2 + u. Determine h(-2).
6
Let i(z) = z**2 + 33*z - 191. What is i(5)?
-1
Let v(p) = p**3 - 22*p**2 - 49*p + 6. Calculate v(24).
-18
Let j(b) = -b**3 + 13*b**2 + 13*b + 16. What is j(14)?
2
Let b(g) = 5*g + 1. Calculate b(-11).
-54
Let a(m) = -19*m**2 - 11*m + 2. Calculate a(-1).
-6
Let m(d) = -d**2 - 73*d - 281. Calculate m(-4).
-5
Let n(t) = t**3 - 7*t**2 - 9*t. Determine n(8).
-8
Let l(x) = -7*x - 21. Determine l(-6).
21
Let q(r) = -58*r - 404. Calculate q(-7).
2
Let m(v) = v**2 + 19*v + 9. What is m(-10)?
-81
Let f(a) = -a**3 - 14*a**2 - a + 21. What is f(-14)?
35
Let g(a) = -33*a - 243. Calculate g(-7).
-12
Let n(w) = -16*w + 100. Give n(6).
4
Let b(t) = t**2 + 2*t - 11. What is b(3)?
4
Let x(b) = b**2 + 20*b - 35. Determine x(-22).
9
Let v(s) = 4*s**3 + s**2 + s. Calculate v(-1).
-4
Let r(b) = -b**2 - 8*b + 11. What is r(5)?
-54
Let b(a) = a**3 - 11*a**2 - 13*a + 8. What is b(12)?
-4
Let g(m) = m**2 - 15*m + 18. What is g(12)?
-18
Let n(y) = 58*y - 172. What is n(3)?
2
Let s(m) = m**2 - 7*m - 44. Determine s(11).
0
Let v(x) = -2*x**2 - 9*x + 5. Determine v(-5).
0
Let n(u) = 19*u**2 + u + 1. Determine n(-1).
19
Let o(i) = 3*i**2 - 3*i + 1. What is o(2)?
7
Let m(l) = l**3 + 6*l**2 + 4*l + 2. Calculate m(-5).
7
Let b(p) = 14*p + 57. Give b(-6).
-27
Let r(q) = q**3 + 13*q**2 + 39*q - 6. Give r(-9).
-33
Let u(j) = -j**2 - 5*j + 11. Calculate u(-7).
-3
Let m(n) = -n**2 - 10*n + 6. Calculate m(-8).
22
Let w(z) = 2*z - 36. What is w(20)?
4
Let m(t) = -4*t + 3. What is m(4)?
-13
Let n(z) = -51*z + 308. Give n(6).
2
Let b(r) = -r**2 - 2*r - 1. Determine b(-4).
-9
Let m(b) = -6*b**3 + b**2 - 1. Calculate m(1).
-6
Let m(x) = x + 8. Determine m(-3).
5
Let y(i) = i**3 - 13*i**2 + 15*i - 20. Calculate y(12).
16
Let n(s) = s**2 + 13*s - 34. Calculate n(-16).
14
Let n(t) = -t**2 + 13*t - 10. Determine n(9).
26
Let b(l) = l - 5. Give b(-4).
-9
Let u(g) = 9*g + 55. What is u(-6)?
1
Let b(a) = -2*a + 9. Give b(6).
-3
Let k(c) = c**3 - 17*c**2 + 16*c - 21. Calculate k(16).
-21
Let r(n) = n**3 - 4*n**2 - 4*n - 4. Calculate r(5).
1
Let k(c) = -c**2 - c + 3. Calculate k(2).
-3
Let d(q) = 3*q**3 + 22*q**2 + 8*q + 2. Give d(-7).
-5
Let t(l) = 11*l - 3. Determine t(-3).
-36
Let x(n) = n**3 - 12*n**2 - 12*n + 8. What is x(13)?
21
Let z(l) = l**3 + 10*l**2 - 21*l + 2. What is z(-12)?
-34
Let t(k) = k**3 + 5*k**2 + 5*k - 2. Calculate t(-4).
-6
Let l(x) = -x**2 + 8*x - 2. Calculate l(10).
-22
Let f(p) = -2*p**2 + 6*p + 6. Give f(4).
-2
Let l(f) = -f**3 + 13*f**2 + 2*f - 4. What is l(13)?
22
Let n(d) = -14*d + 37. Determine n(4).
-19
Let r(o) = 2*o**2 - 4*o - 7. Calculate r(-2).
9
Let m(j) = -8*j. Give m(2).
-16
Let s(m) = -m**3 - 8*m**2 - m + 9. Determine s(-4).
-51
Let m(g) = -g**3 + 8*g**2 - 10*g + 6. Give m(6).
18
Let o(g) = -g**3 - 4*g**2 + 4*g + 2. What is o(-5)?
7
Let g(p) = -p**3 + 11*p**2 + 10*p + 8. Give g(12).
-16
Let i(f) = 2*f**2 - 2*f - 1. Calculate i(-3).
23
Let o(p) = 2*p - 15. Give o(0).
-15
Let j(d) = 5*d + 85. Give j(-16).
5
Let g(t) = -t**3 + 11*t - 10. Give g(0).
-10
Let b(l) = 27*l**2. Calculate b(1).
27
Let v(i) = -7*i**3 - i**2 - i - 1. Calculate v(-1).
6
Let p(m) = -m + 10. Determine p(5).
5
Let r(w) = w**2 - 4*w - 26. Calculate r(0).
-26
Let x(h) = 6*h**2 - 4*h + 3. What is x(1)?
5
Let h(u) = 6*u**3 - u**2. What is h(1)?
5
Let m(a) = -a**2 + 4. What is m(5)?
-21
Let h(p) = 5*p + 142. Determine h(-30).
-8
Let n(b) = -6*b + 2. What is n(3)?
-16
Let d(u) = -87*u**2 - u + 1. Determine d(-1).
-85
Let a(x) = x**3 - 2*x**2 - 6*x - 11. What is a(4)?
-3
Let g(w) = -2*w - 4. Give g(5).
-14
Let b(v) = v**3 + 8*v**2 - 14*v - 10. Calculate b(-9).
35
Let h(k) = k**3 + 6*k**2 - 10*k - 16. Calculate h(-7).
5
Let k(y) = -y**3 - 7*y**2 + 9*y + 6. Determine k(-7).
-57
Let q(w) = w**2 - 7*w + 2. What is q(6)?
-4
Let c(d) = d**2 + 19*d + 83. Calculate c(-8).
-5
Let p(r) = -r**2 + 11*r - 19. Give p(7).
9
Let q(h) = -h**3 - 8*h**2 - 4*h + 9. What is q(-8)?
41
Let d(s) = -87*s + 1. Calculate d(-2).
175
Let s(o) = o**3 - 16*o**2 + 12*o + 31. Calculate s(15).
-14
Let j(u) = -5*u + 63. Determine j(12).
3
Let v(a) = -65*a. Give v(2).
-130
Let d(f) = -f**3 + f**2 + 3. Determine d(3).
-15
Let z(l) = l**2 - 6*l - 1. Calculate z(5).
-6
Let k(j) = -j**2 - 25*j - 8. Determine k(-15).
142
Let c(m) = -5*m**2 - 12*m - 3. Determine c(-4).
-35
Let j(l) = 2*l**2 + 25*l + 1. Determine j(-8).
-71
Let o(n) = n**3 + 3*n**2 - 9*n - 7. Determine o(-3).
20
Let o(t) = 410*t - 412. What is o(1)?
-2
Let k(r) = -r**3 - 11*r**2 - 8*r + 7. Give k(-10).
-13
Let u(c) = -15*c - 64. Determine u(-5).
11
Let l(x) = 2*x**2 + 30*x + 64. Calculate l(-12).
-8
Let q(l) = l - 51. Give q(43).
-8
Let z(x) = -108*x - 207. What is z(-2)?
9
Let b(l) = l**3 - 11*l**2 + 7*l - 6. What is b(4)?
-90
Let p(i) = -i**2 - 23*i - 49. What is p(-21)?
-7
Let s(c) = c**3 - 7*c**2 - c + 1. Calculate s(5).
-54
Let s(k) = 5*k + 1. Determine s(-5).
-24
Let z(q) = -4*q + 37. Give z(23).
-55
Let x(y) = 5*y - 7. Determine x(3).
8
Let v(d) = -d - 1. Calculate v(4).
-5
Let u(m) = -2*m**3 + 15*m**2 - 18*m + 14. Calculate u(7).
-63
Let o(n) = 2*n**2 - 4*n + 5. What is o(5)?
35
Let q(p) = -10*p - 171. Give q(-16).
-11
Let r(q) = -2*q - 23. Calculate r(-5).
-13
Let k(y) = -y**2 - y - 127. Calculate k(0).
-127
Let k(d) = -269*d - 1082. Calculate k(-4).
-6
Let n(y) = 2*y - 4. What is n(7)?
10
Let m(f) = -f**2 - 8*f + 37. Calculate m(-11).
4
Let o(b) = b**3 + 6*b**2 - 17*b + 8. Give o(-6).
110
Let v(z) = z**3 - 11*z**2 - 28*z + 32. Determine v(13).
6
Let z(c) = -24*c - 509. Give z(-21).
-5
Let z(o) = 3*o + 34. What is z(-10)?
4
Let l(c) = -2*c**3 - c**2. Give l(-2).
12
Let b(j) = 3*j - 21. Give b(11).
12
Let n(x) = -17*x**2 + 2*x + 1. What is n(1)?
-14
Let x(g) = 3*g**2 + 42*g + 30. What is x(-15)?
75
Let h(j) = -j**2 + 8*j - 1. Calculate h(6).
11
Let x(i) = -i**2 - 14*i + 23. What is x(-14)?
23
Let m(x) = -x**2 - 6*x + 18. Give m(-8).
2
Let n(h) = -h + 13. Give n(6).
7
Let j(z) = z**2 - 7*z + 16. Determine j(7).
16
Let g(b) = 2*b**3 - 7*b**2. Give g(3).
-9
Let z(f) = -f**3 - 5*f**2 + 3*f + 6. Give z(-5).
-9
Let r(y) = -27*y + 174. What is r(6)?
12
Let g(w) = 22*w + 301. Determine g(-14).
-7
Let j(g) = 2*g**2 + 1. Give j(2).
9
Let s(m) = -m**2 - 21*m - 72. Give s(-17).
-4
Let h(g) = 10*g**3 + 1. Determine h(-1).
-9
Let r(c) = c**3 + 2*c**2 + 3*c - 2. Determine r(-3).
-20
Let w(r) = -2*r + 14. What is w(4)?
6
Let o(i) = -2*i + 93. Calculate o(9).
75
Let s(k) = -2*k + 28. What is s(17)?
-6
Let l(o) = 2*o - 2. Determine l(0).
-2
Let l(u) = u**3 - 2*u**2 - 10*u - 14. Give l(-2).
-10
Let f(k) = -12*k**2 + 6*k - 6. Calculate f(1).
-12
Let k(v) = 2*v - 13. Calculate k(6).
-1
Let n(y) = -32*y - 277. What is n(-9)?
11
Let n(l) = -5*l**2 + 3*l - 4. What is n(2)?
-18
Let h(o) = -o**3 + 9*o**2 + 6*o - 129. What is h(7)?
11
Let l(v) = v**2 - 11*v + 15. Calculate l(9).
-3
Let l(d) = 2*d**2 + 25*d + 14. Determine l(-12).
2
Let f(p) = -3*p - 31. Give f(-5).
-16
Let i(f) = -63*f + 625. Determine i(10).
-5
Let f(v) = 3*v**2 - 36*v + 10. Calculate f(12).
10
Let z(c) = c**2 - 20*c + 10. Determine z(19).
-9
Let s(i) = -3*i**3 - 2*i**2 + 2*i - 3. Determine s(2).
-31
Let h(j) = -9*j**2 + 64*j + 12. Determine h(8).
-52
Let i(l) = l**3 + 8*l**2 + 5*l - 23. Give i(-6).
19
Let u(x) = -8*x + 245. Determine u(32).
-11
Let q(u) = 36*u - 436. Calculate q(12).
-4
Let x(j) = -7*j + 16. Determine x(5).
-19
Let l(a) = a**2 - 2*a - 22. Give l(8).
26
Let f(w) = w**3 + 10*w**2 + 2*w + 2. Give f(-10).
-18
Let q(l) = -l**2 + 36*l + 47. Calculate q(37).
10
Let i(a) = 8*a + 54. Calculate i(4).
86
Let c(v) = -12*v**2 + 6*v + 7. Give c(-1).
-11
Let n(f) = f**2 + 14*f - 21. Give n(-15).
-6
Let r(y) = -y**2 + 6*y + 79. Give r(12).
7
Let x(q) = -11*q - 9. Calcula